?
0
What is the hundreds digit of 221?
2
What is the tens digit of 2219?
1
What is the units digit of 9533?
3
What is the hundreds digit of 8985?
9
What is the tens digit of 653?
5
What is the tens digit of 2825?
2
What is the units digit of 38?
8
What is the thousands digit of 1239?
1
What is the tens digit of 13135?
3
What is the tens digit of 5345?
4
What is the units digit of 296?
6
What is the thousands digit of 11705?
1
What is the tens digit of 9554?
5
What is the thousands digit of 30386?
0
What is the hundreds digit of 1509?
5
What is the units digit of 160?
0
What is the hundreds digit of 132?
1
What is the thousands digit of 17956?
7
What is the thousands digit of 6445?
6
What is the hundreds digit of 7217?
2
What is the hundreds digit of 3871?
8
What is the units digit of 38488?
8
What is the thousands digit of 2717?
2
What is the hundreds digit of 2417?
4
What is the ten thousands digit of 109999?
0
What is the tens digit of 1599?
9
What is the hundreds digit of 4315?
3
What is the hundreds digit of 14389?
3
What is the tens digit of 1043?
4
What is the thousands digit of 5852?
5
What is the hundreds digit of 2538?
5
What is the tens digit of 45337?
3
What is the hundreds digit of 1009?
0
What is the units digit of 1812?
2
What is the tens digit of 1456?
5
What is the tens digit of 1525?
2
What is the hundreds digit of 16165?
1
What is the ten thousands digit of 18475?
1
What is the units digit of 518?
8
What is the units digit of 621?
1
What is the tens digit of 7270?
7
What is the units digit of 1392?
2
What is the tens digit of 1171?
7
What is the units digit of 756?
6
What is the thousands digit of 1270?
1
What is the thousands digit of 8762?
8
What is the hundreds digit of 22100?
1
What is the units digit of 9755?
5
What is the tens digit of 24193?
9
What is the tens digit of 50545?
4
What is the tens digit of 3216?
1
What is the units digit of 28727?
7
What is the hundreds digit of 1125?
1
What is the tens digit of 5432?
3
What is the tens digit of 125052?
5
What is the hundreds digit of 2111?
1
What is the units digit of 80958?
8
What is the thousands digit of 31091?
1
What is the units digit of 512?
2
What is the thousands digit of 81781?
1
What is the thousands digit of 23838?
3
What is the ten thousands digit of 56610?
5
What is the tens digit of 9509?
0
What is the units digit of 4823?
3
What is the tens digit of 1052?
5
What is the hundreds digit of 1095?
0
What is the thousands digit of 2296?
2
What is the tens digit of 35645?
4
What is the thousands digit of 18522?
8
What is the hundreds digit of 3447?
4
What is the tens digit of 5483?
8
What is the tens digit of 6854?
5
What is the ten thousands digit of 18759?
1
What is the thousands digit of 1362?
1
What is the thousands digit of 1323?
1
What is the hundreds digit of 529?
5
What is the hundreds digit of 6944?
9
What is the ten thousands digit of 15477?
1
What is the units digit of 537?
7
What is the units digit of 62747?
7
What is the hundreds digit of 543?
5
What is the tens digit of 2792?
9
What is the thousands digit of 1260?
1
What is the hundreds digit of 1006?
0
What is the hundred thousands digit of 165781?
1
What is the hundreds digit of 4338?
3
What is the hundreds digit of 1574?
5
What is the thousands digit of 13424?
3
What is the hundreds digit of 7863?
8
What is the units digit of 737?
7
What is the hundreds digit of 455?
4
What is the thousands digit of 5454?
5
What is the tens digit of 3541?
4
What is the ten thousands digit of 23288?
2
What is the thousands digit of 66324?
6
What is the tens digit of 10516?
1
What is the tens digit of 1280?
8
What is the tens digit of 791?
9
What is the ten thousands digit of 13006?
1
What is the units digit of 605?
5
What is the thousands digit of 2926?
2
What is the units digit of 10969?
9
What is the units digit of 3293?
3
What is the thousands digit of 1162?
1
What is the thousands digit of 8486?
8
What is the units digit of 1443?
3
What is the units digit of 3880?
0
What is the units digit of 1170?
0
What is the hundreds digit of 203?
2
What is the thousands digit of 1294?
1
What is the tens digit of 4638?
3
What is the hundreds digit of 4017?
0
What is the units digit of 898?
8
What is the tens digit of 50799?
9
What is the tens digit of 939?
3
What is the ten thousands digit of 17375?
1
What is the units digit of 3174?
4
What is the hundreds digit of 265?
2
What is the tens digit of 383?
8
What is the tens digit of 67873?
7
What is the units digit of 4942?
2
What is the ten thousands digit of 15197?
1
What is the units digit of 7109?
9
What is the hundreds digit of 116?
1
What is the hundreds digit of 499?
4
What is the thousands digit of 3739?
3
What is the ten thousands digit of 190017?
9
What is the hundreds digit of 126427?
4
What is the tens digit of 4413?
1
What is the thousands digit of 66264?
6
What is the ten thousands digit of 80283?
8
What is the units digit of 6881?
1
What is the units digit of 1371?
1
What is the tens digit of 16687?
8
What is the tens digit of 41475?
7
What is the tens digit of 9449?
4
What is the units digit of 10437?
7
What is the hundreds digit of 4039?
0
What is the units digit of 11885?
5
What is the hundreds digit of 49795?
7
What is the units digit of 6849?
9
What is the hundreds digit of 1333?
3
What is the units digit of 1297?
7
What is the units digit of 6279?
9
What is the units digit of 197?
7
What is the hundreds digit of 16431?
4
What is the tens digit of 34112?
1
What is the tens digit of 11775?
7
What is the units digit of 7377?
7
What is the units digit of 1096?
6
What is the thousands digit of 44420?
4
What is the tens digit of 2757?
5
What is the hundreds digit of 867?
8
What is the ten thousands digit of 30281?
3
What is the hundreds digit of 1512?
5
What is the hundreds digit of 6769?
7
What is the tens digit of 3636?
3
What is the hundreds digit of 7613?
6
What is the thousands digit of 5229?
5
What is the hundreds digit of 15740?
7
What is the hundreds digit of 14706?
7
What is the hundreds digit of 1383?
3
What is the hundreds digit of 1894?
8
What is the tens digit of 47501?
0
What is the tens digit of 95?
9
What is the tens digit of 72450?
5
What is the hundreds digit of 12993?
9
What is the thousands digit of 5895?
5
What is the units digit of 16536?
6
What is the units digit of 3753?
3
What is the ten thousands digit of 124565?
2
What is the hundreds digit of 50036?
0
What is the hundreds digit of 138084?
0
What is the units digit of 703?
3
What is the tens digit of 253?
5
What is the hundreds digit of 914?
9
What is the hundreds digit of 132?
1
What is the tens digit of 11?
1
What is the thousands digit of 22972?
2
What is the thousands digit of 1200?
1
What is the units digit of 234?
4
What is the units digit of 65944?
4
What is the tens digit of 269?
6
What is the hundreds digit of 1136?
1
What is the hundreds digit of 1116?
1
What is the ten thousands digit of 31344?
3
What is the units digit of 7?
7
What is the units digit of 498?
8
What is the units digit of 6105?
5
What is the tens digit of 67032?
3
What is the tens digit of 17007?
0
What is the tens digit of 1485?
8
What is the thousands digit of 5729?
5
What is the hundreds digit of 74994?
9
What is the units digit of 161?
1
What is the tens digit of 321?
2
What is the hundreds digit of 19692?
6
What is the units digit of 33022?
2
What is the hundreds digit of 903?
9
What is the tens digit of 2646?
4
What is the units digit of 588?
8
What is the ten thousands digit of 48751?
4
What is the tens digit of 19?
1
What is the thousands digit of 14972?
4
What is the units digit of 27007?
7
What is the hundreds digit of 507?
5
What is the tens digit of 5482?
8
What is the thousands digit of 109238?
9
What is the tens digit of 703?
0
What is the units digit of 800?
0
What is the tens digit of 177?
7
What is the units digit of 167?
7
What is the units digit of 897?
7
What is the tens digit of 1535?
3
What is the hundreds digit of 281?
2
What is the units digit of 1886?
6
What is the hundreds digit of 75076?
0
What is the hundreds digit of 51023?
0
What is the hundreds digit of 10839?
8
What is the units digit of 213?
3
What is the ten thousands digit of 40624?
4
What is the tens digit of 293?
9
W